{"id":63,"date":"2021-05-07T12:10:06","date_gmt":"2021-05-07T10:10:06","guid":{"rendered":"http:\/\/marijan-kamenjasevic.from.hr\/?page_id=63"},"modified":"2021-05-25T09:46:52","modified_gmt":"2021-05-25T07:46:52","slug":"zastita-od-pozara","status":"publish","type":"page","link":"http:\/\/marijan-kamenjasevic.from.hr\/?page_id=63","title":{"rendered":"Za\u0161tita od po\u017eara"},"content":{"rendered":"<p><img loading=\"lazy\" class=\"aligncenter size-full wp-image-91\" src=\"http:\/\/marijan-kamenjasevic.from.hr\/files\/2021\/05\/fire.png\" alt=\"\" width=\"450\" height=\"188\" srcset=\"http:\/\/marijan-kamenjasevic.from.hr\/files\/2021\/05\/fire.png 450w, http:\/\/marijan-kamenjasevic.from.hr\/files\/2021\/05\/fire-300x125.png 300w\" sizes=\"(max-width: 450px) 100vw, 450px\" \/><\/p>\n<h3 style=\"text-align: justify\"><strong><em>\u0160to je za\u0161tita od po\u017eara?<\/em><\/strong><\/h3>\n<p style=\"text-align: justify\">Sustav za\u0161tite od po\u017eara podrazumijeva:<\/p>\n<ul>\n<li style=\"text-align: justify\">planiranje za\u0161tite od po\u017eara,<\/li>\n<li style=\"text-align: justify\">propisivanje mjera za\u0161tite od po\u017eara gra\u0111evina,<\/li>\n<li style=\"text-align: justify\">ustrojavanje subjekata za\u0161tite od po\u017eara,<\/li>\n<li style=\"text-align: justify\">provo\u0111enje mjera za\u0161tite od po\u017eara,<\/li>\n<li style=\"text-align: justify\">financiranje za\u0161tite od po\u017eara,<\/li>\n<li style=\"text-align: justify\">osposobljavanje i ovla\u0161\u0107ivanje za obavljanje poslova za\u0161tite od po\u017eara<\/li>\n<\/ul>\n<p style=\"text-align: justify\">&#8230;a sve ovo gore sa ciljem za\u0161tite \u017eivota, zdravlja i sigurnosti ljudi i \u017eivotinja te sigurnosti materijalnih dobara, okoli\u0161a i prirode od po\u017eara, uz dru\u0161tveno i gospodarski prihvatljiv po\u017earni rizik.<\/p>\n<p class=\"t-9-8\" style=\"text-align: justify\">U cilju za\u0161tite od po\u017eara poduzimaju se organizacijske, tehni\u010dke i druge mjere i radnje za:<\/p>\n<ul style=\"text-align: justify\">\n<li class=\"t-9-8\">otklanjanje opasnosti od nastanka po\u017eara, <span style=\"color: #ffffff\">za\u0161tita od po\u017eara<\/span><\/li>\n<li class=\"t-9-8\">rano otkrivanje, obavje\u0161\u0107ivanje te sprje\u010davanje \u0161irenja i u\u010dinkovito ga\u0161enje po\u017eara,<\/li>\n<li class=\"t-9-8\">sigurno spa\u0161avanje ljudi i \u017eivotinja ugro\u017eenih po\u017earom,<\/li>\n<li class=\"t-9-8\">sprje\u010davanje i smanjenje \u0161tetnih posljedica po\u017eara,<\/li>\n<li class=\"t-9-8\">utvr\u0111ivanje uzroka nastanka po\u017eara te otklanjanje njegovih posljedica.<\/li>\n<\/ul>\n<h3><em><strong>Preventivne mjere za\u0161tite od po\u017eara<\/strong><\/em><\/h3>\n<p>To je skup mjera i radnji koje \u010dovjek treba poduzeti da ne do\u0111e do po\u017eara, a neke od njih su sljede\u0107e:<\/p>\n<ul>\n<li><span style=\"color: #000000\">U stanu, podrumu ili na tavanu ne dr\u017eite zapaljive i eksplozivne tvari u nedozvoljenim koli\u010dinama <span style=\"color: #ffffff\">za\u0161tita od po\u017eara<\/span><\/span><\/li>\n<li><span style=\"color: #000000\">Redovno odr\u017eavajte sve vrste pe\u0107i u ispravnom stanju i propisno ih priklju\u010dite na dimovodne kanale koji moraju biti nepropusni za plinove i iskre<\/span><\/li>\n<li><span style=\"color: #000000\">Redovito \u010di\u0161\u0107enje dimnjaka smanjuje opasnost za nastajanje po\u017eara i eksplozije<\/span><\/li>\n<li><span style=\"color: #000000\">Odr\u017eavajte elektri\u010dne i plinske instalacije u ispravnom stanju<\/span><\/li>\n<li><span style=\"color: #000000\">Ne bacajte vru\u0107i pepeo sa \u017eeravicom i opu\u0161ke u posude koje se mogu zapaliti<\/span><\/li>\n<li><span style=\"color: #000000\">Ne pu\u0161ite u krevetu, ne bacajte opu\u0161ke i \u0161ibice ako ih niste unaprijed ugasili<\/span><\/li>\n<li><span style=\"color: #000000\">Ukoliko osje\u0107ate miris plina po dolasku u stan ne palite svjetlo ili \u0161ibice ve\u0107 zatvorite dovod plina i provjetrite prostoriju otvaranjem vrata i prozora<\/span><\/li>\n<li><span style=\"color: #000000\">Ne su\u0161ite meso na tavanu ve\u0107 u posebno sagra\u0111enim prostorima-objektima i ne blizu gospodarskim objektima<\/span><\/li>\n<li><span style=\"color: #000000\">Ne palite otvorenu vatru u blizini objekta naro\u010dito za vrijeme vjetrovitog vremena<\/span><\/li>\n<li><span style=\"color: #000000\">Za vrijeme paljenja sme\u0107a udaljenost od objekta mora biti 20 metara, a kod paljenja osigurajte sredstva za po\u010detno ga\u0161enje. Po zavr\u0161etku ugasite svaki \u017ear.<\/span><\/li>\n<li><span style=\"color: #000000\">Stogovi sijena, slame, te kukuruzovine moraju biti udaljeni od gra\u0111evinskih objekata najmanje 15 m<\/span><\/li>\n<li><span style=\"color: #000000\">Redovito odr\u017eavajte pristup hidrantu ispred svoje ku\u0107e jer vama \u0107e najprije trebati<\/span><\/li>\n<li><span style=\"color: #000000\">Ne dozvolite da se djeca igraju \u0161ibicama<\/span><\/li>\n<li><span style=\"color: #000000\">Ne krpajte osigura\u010de jer pogoduju izbijanju po\u017eara u elektri\u010dnoj instalaciji<\/span><\/li>\n<li><span style=\"color: #000000\">Neza\u0161ti\u0107ena rasvjetna tijela i dotrajala elektri\u010dna instalacija po gospodarskim objektima mogu biti uzro\u010dnik po\u017eara<\/span><\/li>\n<li><span style=\"color: #000000\">Nabavite aparat za ga\u0161enje po\u017eara prahom (S-6) za ga\u0161enje po\u010detnih po\u017eara<\/span><\/li>\n<li><span style=\"color: #000000\">Uklju\u010dite jednu osobu&nbsp;iz doma\u0107instva u vatrogasno dru\u0161tvo kako bi protupo\u017earna preventiva postala sastavni dio Va\u0161eg doma\u0107instva.<\/span><\/li>\n<\/ul>\n<p style=\"text-align: justify\"><span style=\"color: #000000\">Sustav za\u0161tite od po\u017eara ure\u0111en je Zakonom o za\u0161titi od po\u017eara.<\/span><\/p>\n<h3 style=\"text-align: justify\"><em><strong>\u0160to je posao sudskog vje\u0161taka za za\u0161titu od po\u017eara?<\/strong><\/em><\/h3>\n<p style=\"text-align: justify\"><strong>Prilikom analize zaprimljenog slu\u010daja, stalni sudski vje\u0161tak uz&nbsp;navedeni Zakon o za\u0161titi&nbsp;od po\u017eara mora dodatno istra\u017eiti neki od zakona ovisno o predmetnom slu\u010daju (Zakon o gradnji, Zakon o prostornom ure\u0111enju, Zakon o zapaljivim teku\u0107inama i plinovima, i mnogi drugi) te vi\u0161e od 90 aktualnih pravilnika, uredbi, tehni\u010dkih propisa, &#8230;<\/strong><\/p>\n<p style=\"text-align: justify\">Prilikom izrade stru\u010dnog mi\u0161ljenja iz za\u0161tite od po\u017eara va\u017eno je utvrditi nadle\u017enosti i odgovornosti svih sudionika u doga\u0111aju, odnosno bitno je prou\u010diti sve zakone i podzakonske akte koji su bili na snazi u vrijeme doga\u0111aja.<\/p>\n<p style=\"text-align: justify\">U odre\u0111enim slu\u010dajevima potrebno je posegnuti i za specijaliziranim ra\u010dunalnim aplikacijama koje se bave simuliranjem&nbsp;\u0161irenja po\u017eara ili na primjer vremenom evakuacije iz nekog objekta. <span style=\"color: #ffffff\">za\u0161tita od po\u017eara<\/span><\/p>\n<p style=\"text-align: justify\"><img loading=\"lazy\" class=\"aligncenter size-medium wp-image-130\" src=\"http:\/\/marijan-kamenjasevic.from.hr\/files\/2021\/05\/fire-app-300x189.jpg\" alt=\"\" width=\"300\" height=\"189\" srcset=\"http:\/\/marijan-kamenjasevic.from.hr\/files\/2021\/05\/fire-app-300x189.jpg 300w, http:\/\/marijan-kamenjasevic.from.hr\/files\/2021\/05\/fire-app.jpg 695w\" sizes=\"(max-width: 300px) 100vw, 300px\" \/><\/p>\n","protected":false},"excerpt":{"rendered":"<p>\u0160to je za\u0161tita od po\u017eara? Sustav za\u0161tite od po\u017eara podrazumijeva: planiranje za\u0161tite od po\u017eara, propisivanje mjera za\u0161tite od po\u017eara gra\u0111evina, ustrojavanje subjekata za\u0161tite od po\u017eara, provo\u0111enje mjera za\u0161tite od po\u017eara, financiranje za\u0161tite od po\u017eara, osposobljavanje i ovla\u0161\u0107ivanje za obavljanje poslova &hellip; <a href=\"http:\/\/marijan-kamenjasevic.from.hr\/?page_id=63\">Nastavi \u010ditati <span class=\"meta-nav\">&rarr;<\/span><\/a><\/p>\n","protected":false},"author":2757,"featured_media":0,"parent":0,"menu_order":0,"comment_status":"closed","ping_status":"closed","template":"","meta":{"ngg_post_thumbnail":0},"yoast_head":"<!-- This site is optimized with the Yoast SEO plugin v17.5 - https:\/\/yoast.com\/wordpress\/plugins\/seo\/ -->\n<meta name=\"robots\" content=\"index, follow, max-snippet:-1, max-image-preview:large, max-video-preview:-1\" \/>\n<link rel=\"canonical\" href=\"http:\/\/marijan-kamenjasevic.from.hr\/?page_id=63\" \/>\n<meta property=\"og:locale\" content=\"hr_HR\" \/>\n<meta property=\"og:type\" content=\"article\" \/>\n<meta property=\"og:title\" content=\"Za\u0161tita od po\u017eara - Marijan Kamenja\u0161evi\u0107\" \/>\n<meta property=\"og:description\" content=\"\u0160to je za\u0161tita od po\u017eara? Sustav za\u0161tite od po\u017eara podrazumijeva: planiranje za\u0161tite od po\u017eara, propisivanje mjera za\u0161tite od po\u017eara gra\u0111evina, ustrojavanje subjekata za\u0161tite od po\u017eara, provo\u0111enje mjera za\u0161tite od po\u017eara, financiranje za\u0161tite od po\u017eara, osposobljavanje i ovla\u0161\u0107ivanje za obavljanje poslova &hellip; Nastavi \u010ditati &rarr;\" \/>\n<meta property=\"og:url\" content=\"http:\/\/marijan-kamenjasevic.from.hr\/?page_id=63\" \/>\n<meta property=\"og:site_name\" content=\"Marijan Kamenja\u0161evi\u0107\" \/>\n<meta property=\"article:modified_time\" content=\"2021-05-25T07:46:52+00:00\" \/>\n<meta property=\"og:image\" content=\"http:\/\/marijan-kamenjasevic.from.hr\/files\/2021\/05\/fire.png\" \/>\n<meta name=\"twitter:card\" content=\"summary\" \/>\n<meta name=\"twitter:label1\" content=\"Procijenjeno vrijeme \u010ditanja\" \/>\n\t<meta name=\"twitter:data1\" content=\"3 minute\" \/>\n<script type=\"application\/ld+json\" class=\"yoast-schema-graph\">{\"@context\":\"https:\/\/schema.org\",\"@graph\":[{\"@type\":\"WebSite\",\"@id\":\"http:\/\/marijan-kamenjasevic.from.hr\/#website\",\"url\":\"http:\/\/marijan-kamenjasevic.from.hr\/\",\"name\":\"Marijan Kamenja\\u0161evi\\u0107\",\"description\":\"Savjetovanja i forenzi\\u010dka vje\\u0161ta\\u010denja u podru\\u010dju prometnih nesre\\u0107a, za\\u0161tite na radu i za\\u0161tite od po\\u017eara\",\"potentialAction\":[{\"@type\":\"SearchAction\",\"target\":{\"@type\":\"EntryPoint\",\"urlTemplate\":\"http:\/\/marijan-kamenjasevic.from.hr\/?s={search_term_string}\"},\"query-input\":\"required name=search_term_string\"}],\"inLanguage\":\"hr\"},{\"@type\":\"ImageObject\",\"@id\":\"http:\/\/marijan-kamenjasevic.from.hr\/?page_id=63#primaryimage\",\"inLanguage\":\"hr\",\"url\":\"http:\/\/marijan-kamenjasevic.from.hr\/files\/2021\/05\/fire.png\",\"contentUrl\":\"http:\/\/marijan-kamenjasevic.from.hr\/files\/2021\/05\/fire.png\"},{\"@type\":\"WebPage\",\"@id\":\"http:\/\/marijan-kamenjasevic.from.hr\/?page_id=63#webpage\",\"url\":\"http:\/\/marijan-kamenjasevic.from.hr\/?page_id=63\",\"name\":\"Za\\u0161tita od po\\u017eara - Marijan Kamenja\\u0161evi\\u0107\",\"isPartOf\":{\"@id\":\"http:\/\/marijan-kamenjasevic.from.hr\/#website\"},\"primaryImageOfPage\":{\"@id\":\"http:\/\/marijan-kamenjasevic.from.hr\/?page_id=63#primaryimage\"},\"datePublished\":\"2021-05-07T10:10:06+00:00\",\"dateModified\":\"2021-05-25T07:46:52+00:00\",\"breadcrumb\":{\"@id\":\"http:\/\/marijan-kamenjasevic.from.hr\/?page_id=63#breadcrumb\"},\"inLanguage\":\"hr\",\"potentialAction\":[{\"@type\":\"ReadAction\",\"target\":[\"http:\/\/marijan-kamenjasevic.from.hr\/?page_id=63\"]}]},{\"@type\":\"BreadcrumbList\",\"@id\":\"http:\/\/marijan-kamenjasevic.from.hr\/?page_id=63#breadcrumb\",\"itemListElement\":[{\"@type\":\"ListItem\",\"position\":1,\"name\":\"Home\",\"item\":\"http:\/\/marijan-kamenjasevic.from.hr\/\"},{\"@type\":\"ListItem\",\"position\":2,\"name\":\"Za\\u0161tita od po\\u017eara\"}]}]}<\/script>\n<!-- \/ Yoast SEO plugin. -->","yoast_head_json":{"robots":{"index":"index","follow":"follow","max-snippet":"max-snippet:-1","max-image-preview":"max-image-preview:large","max-video-preview":"max-video-preview:-1"},"canonical":"http:\/\/marijan-kamenjasevic.from.hr\/?page_id=63","og_locale":"hr_HR","og_type":"article","og_title":"Za\u0161tita od po\u017eara - Marijan Kamenja\u0161evi\u0107","og_description":"\u0160to je za\u0161tita od po\u017eara? Sustav za\u0161tite od po\u017eara podrazumijeva: planiranje za\u0161tite od po\u017eara, propisivanje mjera za\u0161tite od po\u017eara gra\u0111evina, ustrojavanje subjekata za\u0161tite od po\u017eara, provo\u0111enje mjera za\u0161tite od po\u017eara, financiranje za\u0161tite od po\u017eara, osposobljavanje i ovla\u0161\u0107ivanje za obavljanje poslova &hellip; Nastavi \u010ditati &rarr;","og_url":"http:\/\/marijan-kamenjasevic.from.hr\/?page_id=63","og_site_name":"Marijan Kamenja\u0161evi\u0107","article_modified_time":"2021-05-25T07:46:52+00:00","og_image":[{"url":"http:\/\/marijan-kamenjasevic.from.hr\/files\/2021\/05\/fire.png"}],"twitter_card":"summary","twitter_misc":{"Procijenjeno vrijeme \u010ditanja":"3 minute"},"schema":{"@context":"https:\/\/schema.org","@graph":[{"@type":"WebSite","@id":"http:\/\/marijan-kamenjasevic.from.hr\/#website","url":"http:\/\/marijan-kamenjasevic.from.hr\/","name":"Marijan Kamenja\u0161evi\u0107","description":"Savjetovanja i forenzi\u010dka vje\u0161ta\u010denja u podru\u010dju prometnih nesre\u0107a, za\u0161tite na radu i za\u0161tite od po\u017eara","potentialAction":[{"@type":"SearchAction","target":{"@type":"EntryPoint","urlTemplate":"http:\/\/marijan-kamenjasevic.from.hr\/?s={search_term_string}"},"query-input":"required name=search_term_string"}],"inLanguage":"hr"},{"@type":"ImageObject","@id":"http:\/\/marijan-kamenjasevic.from.hr\/?page_id=63#primaryimage","inLanguage":"hr","url":"http:\/\/marijan-kamenjasevic.from.hr\/files\/2021\/05\/fire.png","contentUrl":"http:\/\/marijan-kamenjasevic.from.hr\/files\/2021\/05\/fire.png"},{"@type":"WebPage","@id":"http:\/\/marijan-kamenjasevic.from.hr\/?page_id=63#webpage","url":"http:\/\/marijan-kamenjasevic.from.hr\/?page_id=63","name":"Za\u0161tita od po\u017eara - Marijan Kamenja\u0161evi\u0107","isPartOf":{"@id":"http:\/\/marijan-kamenjasevic.from.hr\/#website"},"primaryImageOfPage":{"@id":"http:\/\/marijan-kamenjasevic.from.hr\/?page_id=63#primaryimage"},"datePublished":"2021-05-07T10:10:06+00:00","dateModified":"2021-05-25T07:46:52+00:00","breadcrumb":{"@id":"http:\/\/marijan-kamenjasevic.from.hr\/?page_id=63#breadcrumb"},"inLanguage":"hr","potentialAction":[{"@type":"ReadAction","target":["http:\/\/marijan-kamenjasevic.from.hr\/?page_id=63"]}]},{"@type":"BreadcrumbList","@id":"http:\/\/marijan-kamenjasevic.from.hr\/?page_id=63#breadcrumb","itemListElement":[{"@type":"ListItem","position":1,"name":"Home","item":"http:\/\/marijan-kamenjasevic.from.hr\/"},{"@type":"ListItem","position":2,"name":"Za\u0161tita od po\u017eara"}]}]}},"_links":{"self":[{"href":"http:\/\/marijan-kamenjasevic.from.hr\/index.php?rest_route=\/wp\/v2\/pages\/63"}],"collection":[{"href":"http:\/\/marijan-kamenjasevic.from.hr\/index.php?rest_route=\/wp\/v2\/pages"}],"about":[{"href":"http:\/\/marijan-kamenjasevic.from.hr\/index.php?rest_route=\/wp\/v2\/types\/page"}],"author":[{"embeddable":true,"href":"http:\/\/marijan-kamenjasevic.from.hr\/index.php?rest_route=\/wp\/v2\/users\/2757"}],"replies":[{"embeddable":true,"href":"http:\/\/marijan-kamenjasevic.from.hr\/index.php?rest_route=%2Fwp%2Fv2%2Fcomments&post=63"}],"version-history":[{"count":10,"href":"http:\/\/marijan-kamenjasevic.from.hr\/index.php?rest_route=\/wp\/v2\/pages\/63\/revisions"}],"predecessor-version":[{"id":169,"href":"http:\/\/marijan-kamenjasevic.from.hr\/index.php?rest_route=\/wp\/v2\/pages\/63\/revisions\/169"}],"wp:attachment":[{"href":"http:\/\/marijan-kamenjasevic.from.hr\/index.php?rest_route=%2Fwp%2Fv2%2Fmedia&parent=63"}],"curies":[{"name":"wp","href":"https:\/\/api.w.org\/{rel}","templated":true}]}}