{"id":61,"date":"2021-05-07T12:10:06","date_gmt":"2021-05-07T10:10:06","guid":{"rendered":"http:\/\/marijan-kamenjasevic.from.hr\/?page_id=61"},"modified":"2021-05-24T15:31:46","modified_gmt":"2021-05-24T13:31:46","slug":"zastita-na-radu","status":"publish","type":"page","link":"http:\/\/marijan-kamenjasevic.from.hr\/?page_id=61","title":{"rendered":"Za\u0161tita na radu"},"content":{"rendered":"<p style=\"text-align: justify\">&nbsp;<img loading=\"lazy\" class=\"aligncenter size-full wp-image-85\" src=\"http:\/\/marijan-kamenjasevic.from.hr\/files\/2021\/05\/hse.png\" alt=\"\" width=\"450\" height=\"159\" srcset=\"http:\/\/marijan-kamenjasevic.from.hr\/files\/2021\/05\/hse.png 450w, http:\/\/marijan-kamenjasevic.from.hr\/files\/2021\/05\/hse-300x106.png 300w\" sizes=\"(max-width: 450px) 100vw, 450px\" \/><\/p>\n<h3 style=\"text-align: justify\"><em><strong>\u0160to je za\u0161tita na radu?<\/strong><\/em><\/h3>\n<p style=\"text-align: justify\">Za\u0161tita na radu kao organizirano djelovanje obuhva\u0107a sustav pravila, a osobito:<\/p>\n<ul>\n<li>pravila pri projektiranju i izradi sredstava rada&nbsp;<\/li>\n<li>pravila pri uporabi, odr\u017eavanju, pregledu i ispitivanju sredstava rada&nbsp;<\/li>\n<li>pravila koja se odnose na radnike te prilagodbu procesa rada njihovom spolu, dobi, fizi\u010dkim, tjelesnim i psihi\u010dkim sposobnostima&nbsp;<\/li>\n<li>na\u010dine i postupke osposobljavanja i obavje\u0161\u0107ivanja radnika i poslodavaca sa svrhom postizanja odgovaraju\u0107e razine za\u0161tite na radu&nbsp;<\/li>\n<li>na\u010dine i postupke suradnje poslodavca, radnika i njihovih predstavnika<\/li>\n<li>zabranu stavljanja radnika u nepovoljniji polo\u017eaj zbog aktivnosti poduzetih radi za\u0161tite na radu&nbsp;<\/li>\n<li>ostale mjere za sprje\u010davanje rizika na radu, sa svrhom uklanjanja \u010dimbenika rizika i njihovih \u0161tetnih posljedica.<\/li>\n<\/ul>\n<p style=\"text-align: justify\">Za\u0161tita na radu kao sustavno organizirano djelovanje sastavni je dio organizacije rada i izvo\u0111enja radnog postupka. Poslodavac za\u0161titu na radu ostvaruje primjenom osnovnih, posebnih i priznatih pravila za\u0161tite na radu u skladu s op\u0107im na\u010delima prevencije.<\/p>\n<h3 style=\"text-align: justify\"><em><strong>Kako je ure\u0111ena za\u0161tita na radu?<\/strong><\/em><\/h3>\n<p style=\"text-align: justify\">Sustav za\u0161tite na radu ure\u0111en je Zakonom o za\u0161titi na radu.<br \/>\nZakonom se ure\u0111uje sustav za\u0161tite na radu u Republici Hrvatskoj, a osobito nacionalna politika i aktivnosti, op\u0107a na\u010dela prevencije i pravila za\u0161tite na radu, obveze poslodavca, prava i obveze radnika i povjerenika radnika za za\u0161titu na radu, djelatnosti u vezi sa za\u0161titom na radu, nadzor i prekr\u0161ajna odgovornost.<\/p>\n<p style=\"text-align: justify\"><strong>Prilikom analize zaprimljenog slu\u010daja, stalni sudski vje\u0161tak uz&nbsp;navedeni Zakon o za\u0161titi na radu mora dodatno istra\u017eiti neki od zakona ovisno o predmetnom slu\u010daju (Zakon o radu, Zakon o mjeriteljstvu, Zakon o za\u0161titi od buke i mnogi drugi) te vi\u0161e od 180 aktualnih pravilnika, uredbi, tehni\u010dkih propisa, &#8230;<\/strong><\/p>\n<p style=\"text-align: justify\">Prilikom izrade stru\u010dnog mi\u0161ljenja va\u017eno je utvrditi nadle\u017enosti i odgovornosti svih sudionika u doga\u0111aju, odnosno bitno je prou\u010diti sve zakone i podzakonske akte koji su bili na snazi u vrijeme doga\u0111aja.<\/p>\n<p style=\"text-align: justify\">U odre\u0111enim slu\u010dajevima potrebno je posegnuti i za specijaliziranim ra\u010dunalnim aplikacijama koje se bave simuliranjem ozljeda ili na primjer vremenom evakuacije iz nekog objekta.<\/p>\n<p style=\"text-align: justify\"><img loading=\"lazy\" class=\"aligncenter size-medium wp-image-131\" src=\"http:\/\/marijan-kamenjasevic.from.hr\/files\/2021\/05\/hse-app-300x190.jpg\" alt=\"\" width=\"300\" height=\"190\" srcset=\"http:\/\/marijan-kamenjasevic.from.hr\/files\/2021\/05\/hse-app-300x190.jpg 300w, http:\/\/marijan-kamenjasevic.from.hr\/files\/2021\/05\/hse-app.jpg 582w\" sizes=\"(max-width: 300px) 100vw, 300px\" \/><\/p>\n","protected":false},"excerpt":{"rendered":"<p>&nbsp; \u0160to je za\u0161tita na radu? Za\u0161tita na radu kao organizirano djelovanje obuhva\u0107a sustav pravila, a osobito: pravila pri projektiranju i izradi sredstava rada&nbsp; pravila pri uporabi, odr\u017eavanju, pregledu i ispitivanju sredstava rada&nbsp; pravila koja se odnose na radnike te &hellip; <a href=\"http:\/\/marijan-kamenjasevic.from.hr\/?page_id=61\">Nastavi \u010ditati <span class=\"meta-nav\">&rarr;<\/span><\/a><\/p>\n","protected":false},"author":2757,"featured_media":0,"parent":0,"menu_order":0,"comment_status":"closed","ping_status":"closed","template":"","meta":{"ngg_post_thumbnail":0},"yoast_head":"<!-- This site is optimized with the Yoast SEO plugin v17.5 - https:\/\/yoast.com\/wordpress\/plugins\/seo\/ -->\n<meta name=\"robots\" content=\"index, follow, max-snippet:-1, max-image-preview:large, max-video-preview:-1\" \/>\n<link rel=\"canonical\" href=\"http:\/\/marijan-kamenjasevic.from.hr\/?page_id=61\" \/>\n<meta property=\"og:locale\" content=\"hr_HR\" \/>\n<meta property=\"og:type\" content=\"article\" \/>\n<meta property=\"og:title\" content=\"Za\u0161tita na radu - Marijan Kamenja\u0161evi\u0107\" \/>\n<meta property=\"og:description\" content=\"&nbsp; \u0160to je za\u0161tita na radu? Za\u0161tita na radu kao organizirano djelovanje obuhva\u0107a sustav pravila, a osobito: pravila pri projektiranju i izradi sredstava rada&nbsp; pravila pri uporabi, odr\u017eavanju, pregledu i ispitivanju sredstava rada&nbsp; pravila koja se odnose na radnike te &hellip; Nastavi \u010ditati &rarr;\" \/>\n<meta property=\"og:url\" content=\"http:\/\/marijan-kamenjasevic.from.hr\/?page_id=61\" \/>\n<meta property=\"og:site_name\" content=\"Marijan Kamenja\u0161evi\u0107\" \/>\n<meta property=\"article:modified_time\" content=\"2021-05-24T13:31:46+00:00\" \/>\n<meta property=\"og:image\" content=\"http:\/\/marijan-kamenjasevic.from.hr\/files\/2021\/05\/hse.png\" \/>\n<meta name=\"twitter:card\" content=\"summary\" \/>\n<meta name=\"twitter:label1\" content=\"Procijenjeno vrijeme \u010ditanja\" \/>\n\t<meta name=\"twitter:data1\" content=\"2 minute\" \/>\n<script type=\"application\/ld+json\" class=\"yoast-schema-graph\">{\"@context\":\"https:\/\/schema.org\",\"@graph\":[{\"@type\":\"WebSite\",\"@id\":\"http:\/\/marijan-kamenjasevic.from.hr\/#website\",\"url\":\"http:\/\/marijan-kamenjasevic.from.hr\/\",\"name\":\"Marijan Kamenja\\u0161evi\\u0107\",\"description\":\"Savjetovanja i forenzi\\u010dka vje\\u0161ta\\u010denja u podru\\u010dju prometnih nesre\\u0107a, za\\u0161tite na radu i za\\u0161tite od po\\u017eara\",\"potentialAction\":[{\"@type\":\"SearchAction\",\"target\":{\"@type\":\"EntryPoint\",\"urlTemplate\":\"http:\/\/marijan-kamenjasevic.from.hr\/?s={search_term_string}\"},\"query-input\":\"required name=search_term_string\"}],\"inLanguage\":\"hr\"},{\"@type\":\"ImageObject\",\"@id\":\"http:\/\/marijan-kamenjasevic.from.hr\/?page_id=61#primaryimage\",\"inLanguage\":\"hr\",\"url\":\"http:\/\/marijan-kamenjasevic.from.hr\/files\/2021\/05\/hse.png\",\"contentUrl\":\"http:\/\/marijan-kamenjasevic.from.hr\/files\/2021\/05\/hse.png\"},{\"@type\":\"WebPage\",\"@id\":\"http:\/\/marijan-kamenjasevic.from.hr\/?page_id=61#webpage\",\"url\":\"http:\/\/marijan-kamenjasevic.from.hr\/?page_id=61\",\"name\":\"Za\\u0161tita na radu - Marijan Kamenja\\u0161evi\\u0107\",\"isPartOf\":{\"@id\":\"http:\/\/marijan-kamenjasevic.from.hr\/#website\"},\"primaryImageOfPage\":{\"@id\":\"http:\/\/marijan-kamenjasevic.from.hr\/?page_id=61#primaryimage\"},\"datePublished\":\"2021-05-07T10:10:06+00:00\",\"dateModified\":\"2021-05-24T13:31:46+00:00\",\"breadcrumb\":{\"@id\":\"http:\/\/marijan-kamenjasevic.from.hr\/?page_id=61#breadcrumb\"},\"inLanguage\":\"hr\",\"potentialAction\":[{\"@type\":\"ReadAction\",\"target\":[\"http:\/\/marijan-kamenjasevic.from.hr\/?page_id=61\"]}]},{\"@type\":\"BreadcrumbList\",\"@id\":\"http:\/\/marijan-kamenjasevic.from.hr\/?page_id=61#breadcrumb\",\"itemListElement\":[{\"@type\":\"ListItem\",\"position\":1,\"name\":\"Home\",\"item\":\"http:\/\/marijan-kamenjasevic.from.hr\/\"},{\"@type\":\"ListItem\",\"position\":2,\"name\":\"Za\\u0161tita na radu\"}]}]}<\/script>\n<!-- \/ Yoast SEO plugin. -->","yoast_head_json":{"robots":{"index":"index","follow":"follow","max-snippet":"max-snippet:-1","max-image-preview":"max-image-preview:large","max-video-preview":"max-video-preview:-1"},"canonical":"http:\/\/marijan-kamenjasevic.from.hr\/?page_id=61","og_locale":"hr_HR","og_type":"article","og_title":"Za\u0161tita na radu - Marijan Kamenja\u0161evi\u0107","og_description":"&nbsp; \u0160to je za\u0161tita na radu? Za\u0161tita na radu kao organizirano djelovanje obuhva\u0107a sustav pravila, a osobito: pravila pri projektiranju i izradi sredstava rada&nbsp; pravila pri uporabi, odr\u017eavanju, pregledu i ispitivanju sredstava rada&nbsp; pravila koja se odnose na radnike te &hellip; Nastavi \u010ditati &rarr;","og_url":"http:\/\/marijan-kamenjasevic.from.hr\/?page_id=61","og_site_name":"Marijan Kamenja\u0161evi\u0107","article_modified_time":"2021-05-24T13:31:46+00:00","og_image":[{"url":"http:\/\/marijan-kamenjasevic.from.hr\/files\/2021\/05\/hse.png"}],"twitter_card":"summary","twitter_misc":{"Procijenjeno vrijeme \u010ditanja":"2 minute"},"schema":{"@context":"https:\/\/schema.org","@graph":[{"@type":"WebSite","@id":"http:\/\/marijan-kamenjasevic.from.hr\/#website","url":"http:\/\/marijan-kamenjasevic.from.hr\/","name":"Marijan Kamenja\u0161evi\u0107","description":"Savjetovanja i forenzi\u010dka vje\u0161ta\u010denja u podru\u010dju prometnih nesre\u0107a, za\u0161tite na radu i za\u0161tite od po\u017eara","potentialAction":[{"@type":"SearchAction","target":{"@type":"EntryPoint","urlTemplate":"http:\/\/marijan-kamenjasevic.from.hr\/?s={search_term_string}"},"query-input":"required name=search_term_string"}],"inLanguage":"hr"},{"@type":"ImageObject","@id":"http:\/\/marijan-kamenjasevic.from.hr\/?page_id=61#primaryimage","inLanguage":"hr","url":"http:\/\/marijan-kamenjasevic.from.hr\/files\/2021\/05\/hse.png","contentUrl":"http:\/\/marijan-kamenjasevic.from.hr\/files\/2021\/05\/hse.png"},{"@type":"WebPage","@id":"http:\/\/marijan-kamenjasevic.from.hr\/?page_id=61#webpage","url":"http:\/\/marijan-kamenjasevic.from.hr\/?page_id=61","name":"Za\u0161tita na radu - Marijan Kamenja\u0161evi\u0107","isPartOf":{"@id":"http:\/\/marijan-kamenjasevic.from.hr\/#website"},"primaryImageOfPage":{"@id":"http:\/\/marijan-kamenjasevic.from.hr\/?page_id=61#primaryimage"},"datePublished":"2021-05-07T10:10:06+00:00","dateModified":"2021-05-24T13:31:46+00:00","breadcrumb":{"@id":"http:\/\/marijan-kamenjasevic.from.hr\/?page_id=61#breadcrumb"},"inLanguage":"hr","potentialAction":[{"@type":"ReadAction","target":["http:\/\/marijan-kamenjasevic.from.hr\/?page_id=61"]}]},{"@type":"BreadcrumbList","@id":"http:\/\/marijan-kamenjasevic.from.hr\/?page_id=61#breadcrumb","itemListElement":[{"@type":"ListItem","position":1,"name":"Home","item":"http:\/\/marijan-kamenjasevic.from.hr\/"},{"@type":"ListItem","position":2,"name":"Za\u0161tita na radu"}]}]}},"_links":{"self":[{"href":"http:\/\/marijan-kamenjasevic.from.hr\/index.php?rest_route=\/wp\/v2\/pages\/61"}],"collection":[{"href":"http:\/\/marijan-kamenjasevic.from.hr\/index.php?rest_route=\/wp\/v2\/pages"}],"about":[{"href":"http:\/\/marijan-kamenjasevic.from.hr\/index.php?rest_route=\/wp\/v2\/types\/page"}],"author":[{"embeddable":true,"href":"http:\/\/marijan-kamenjasevic.from.hr\/index.php?rest_route=\/wp\/v2\/users\/2757"}],"replies":[{"embeddable":true,"href":"http:\/\/marijan-kamenjasevic.from.hr\/index.php?rest_route=%2Fwp%2Fv2%2Fcomments&post=61"}],"version-history":[{"count":11,"href":"http:\/\/marijan-kamenjasevic.from.hr\/index.php?rest_route=\/wp\/v2\/pages\/61\/revisions"}],"predecessor-version":[{"id":82,"href":"http:\/\/marijan-kamenjasevic.from.hr\/index.php?rest_route=\/wp\/v2\/pages\/61\/revisions\/82"}],"wp:attachment":[{"href":"http:\/\/marijan-kamenjasevic.from.hr\/index.php?rest_route=%2Fwp%2Fv2%2Fmedia&parent=61"}],"curies":[{"name":"wp","href":"https:\/\/api.w.org\/{rel}","templated":true}]}}