{"id":190,"date":"2024-02-13T22:39:46","date_gmt":"2024-02-13T21:39:46","guid":{"rendered":"http:\/\/marijan-kamenjasevic.from.hr\/?page_id=190"},"modified":"2024-02-13T22:51:51","modified_gmt":"2024-02-13T21:51:51","slug":"cfd-modeliranje","status":"publish","type":"page","link":"http:\/\/marijan-kamenjasevic.from.hr\/?page_id=190","title":{"rendered":"CFD modeliranje"},"content":{"rendered":"<p style=\"text-align: justify\">S br\u017eim procesorima i boljim numeri\u010dkim tehnikama, alati ra\u010dunalne dinamike fluida (CFD) napravili su revoluciju u in\u017eenjerskom dizajnu i optimizaciji, ograni\u010davaju\u0107i skupo eksperimentiranje i pru\u017eaju\u0107i virtualna rje\u0161enja s kratkim vremenima obrade. Danas se CFD intenzivno koristi za analizu \u0161irokog spektra primjena, od dizajna krila zrakoplova do proizvodnje sportske odje\u0107e do modeliranja po\u017eara. CFD modeliranje po\u017eara temelji se na matemati\u010dkim opisima dinamike i kemije po\u017eara u obliku prikladnom za ra\u010dunalno rje\u0161enje. U odre\u0111enim situacijama ra\u010dunalna simulacija scenarija po\u017eara postaje mnogo korisnija tamo gdje ponovljeno testiranje postaje skupo.<\/p>\n<p style=\"text-align: center\">Ra\u010dunalno modeliranje po\u017eara mo\u017ee se primijeniti na:<\/p>\n<ul style=\"text-align: justify\">\n<li>U\u010dinke po\u017eara u odjeljcima na ljude i strukture kori\u0161tenjem modela zona i formula ra\u010dunalne dinamike fluida (CFD)<\/li>\n<li>Brzine \u0161irenja plamena preko \u010dvrstih povr\u0161ina i modeliranje pirolize<\/li>\n<li>Simulacija flashovera<\/li>\n<li>Modeliranje bazenske vatre i vatrenog vrtloga<\/li>\n<li>Izvedba optere\u0107enih konstrukcija izlo\u017eenih potpuno razvijenim po\u017earima razli\u010dite te\u017eine<\/li>\n<li>Analiziranje \u0161tetnih u\u010dinaka visokoenergetskih lu\u010dnih kvarova<\/li>\n<li>Modeliranje suzbijanja po\u017eara<\/li>\n<li>Modeliranje po\u017eara u tunelima<\/li>\n<li>Simulacije dinamike po\u017eara za LNG spremnike i tla\u010dne posude<\/li>\n<\/ul>\n<p><img loading=\"lazy\" class=\"size-full wp-image-191 alignright\" src=\"http:\/\/marijan-kamenjasevic.from.hr\/files\/2024\/02\/Clipboard01.jpg\" alt=\"\" width=\"605\" height=\"237\" srcset=\"http:\/\/marijan-kamenjasevic.from.hr\/files\/2024\/02\/Clipboard01.jpg 605w, http:\/\/marijan-kamenjasevic.from.hr\/files\/2024\/02\/Clipboard01-300x118.jpg 300w\" sizes=\"(max-width: 605px) 100vw, 605px\" \/><\/p>\n","protected":false},"excerpt":{"rendered":"<p>S br\u017eim procesorima i boljim numeri\u010dkim tehnikama, alati ra\u010dunalne dinamike fluida (CFD) napravili su revoluciju u in\u017eenjerskom dizajnu i optimizaciji, ograni\u010davaju\u0107i skupo eksperimentiranje i pru\u017eaju\u0107i virtualna rje\u0161enja s kratkim vremenima obrade. Danas se CFD intenzivno koristi za analizu \u0161irokog spektra &hellip; <a href=\"http:\/\/marijan-kamenjasevic.from.hr\/?page_id=190\">Nastavi \u010ditati <span class=\"meta-nav\">&rarr;<\/span><\/a><\/p>\n","protected":false},"author":2757,"featured_media":0,"parent":0,"menu_order":0,"comment_status":"closed","ping_status":"closed","template":"","meta":{"ngg_post_thumbnail":0},"yoast_head":"<!-- This site is optimized with the Yoast SEO plugin v17.5 - https:\/\/yoast.com\/wordpress\/plugins\/seo\/ -->\n<meta name=\"robots\" content=\"index, follow, max-snippet:-1, max-image-preview:large, max-video-preview:-1\" \/>\n<link rel=\"canonical\" href=\"http:\/\/marijan-kamenjasevic.from.hr\/?page_id=190\" \/>\n<meta property=\"og:locale\" content=\"hr_HR\" \/>\n<meta property=\"og:type\" content=\"article\" \/>\n<meta property=\"og:title\" content=\"CFD modeliranje - Marijan Kamenja\u0161evi\u0107\" \/>\n<meta property=\"og:description\" content=\"S br\u017eim procesorima i boljim numeri\u010dkim tehnikama, alati ra\u010dunalne dinamike fluida (CFD) napravili su revoluciju u in\u017eenjerskom dizajnu i optimizaciji, ograni\u010davaju\u0107i skupo eksperimentiranje i pru\u017eaju\u0107i virtualna rje\u0161enja s kratkim vremenima obrade. Danas se CFD intenzivno koristi za analizu \u0161irokog spektra &hellip; Nastavi \u010ditati &rarr;\" \/>\n<meta property=\"og:url\" content=\"http:\/\/marijan-kamenjasevic.from.hr\/?page_id=190\" \/>\n<meta property=\"og:site_name\" content=\"Marijan Kamenja\u0161evi\u0107\" \/>\n<meta property=\"article:modified_time\" content=\"2024-02-13T21:51:51+00:00\" \/>\n<meta property=\"og:image\" content=\"http:\/\/from.hr\/marijan-kamenjasevic\/files\/2024\/02\/Clipboard01.jpg\" \/>\n<meta name=\"twitter:card\" content=\"summary\" \/>\n<meta name=\"twitter:label1\" content=\"Procijenjeno vrijeme \u010ditanja\" \/>\n\t<meta name=\"twitter:data1\" content=\"1 minuta\" \/>\n<script type=\"application\/ld+json\" class=\"yoast-schema-graph\">{\"@context\":\"https:\/\/schema.org\",\"@graph\":[{\"@type\":\"WebSite\",\"@id\":\"http:\/\/marijan-kamenjasevic.from.hr\/#website\",\"url\":\"http:\/\/marijan-kamenjasevic.from.hr\/\",\"name\":\"Marijan Kamenja\\u0161evi\\u0107\",\"description\":\"Savjetovanja i forenzi\\u010dka vje\\u0161ta\\u010denja u podru\\u010dju prometnih nesre\\u0107a, za\\u0161tite na radu i za\\u0161tite od po\\u017eara\",\"potentialAction\":[{\"@type\":\"SearchAction\",\"target\":{\"@type\":\"EntryPoint\",\"urlTemplate\":\"http:\/\/marijan-kamenjasevic.from.hr\/?s={search_term_string}\"},\"query-input\":\"required name=search_term_string\"}],\"inLanguage\":\"hr\"},{\"@type\":\"ImageObject\",\"@id\":\"http:\/\/marijan-kamenjasevic.from.hr\/?page_id=190#primaryimage\",\"inLanguage\":\"hr\",\"url\":\"http:\/\/from.hr\/marijan-kamenjasevic\/files\/2024\/02\/Clipboard01.jpg\",\"contentUrl\":\"http:\/\/from.hr\/marijan-kamenjasevic\/files\/2024\/02\/Clipboard01.jpg\"},{\"@type\":\"WebPage\",\"@id\":\"http:\/\/marijan-kamenjasevic.from.hr\/?page_id=190#webpage\",\"url\":\"http:\/\/marijan-kamenjasevic.from.hr\/?page_id=190\",\"name\":\"CFD modeliranje - Marijan Kamenja\\u0161evi\\u0107\",\"isPartOf\":{\"@id\":\"http:\/\/marijan-kamenjasevic.from.hr\/#website\"},\"primaryImageOfPage\":{\"@id\":\"http:\/\/marijan-kamenjasevic.from.hr\/?page_id=190#primaryimage\"},\"datePublished\":\"2024-02-13T21:39:46+00:00\",\"dateModified\":\"2024-02-13T21:51:51+00:00\",\"breadcrumb\":{\"@id\":\"http:\/\/marijan-kamenjasevic.from.hr\/?page_id=190#breadcrumb\"},\"inLanguage\":\"hr\",\"potentialAction\":[{\"@type\":\"ReadAction\",\"target\":[\"http:\/\/marijan-kamenjasevic.from.hr\/?page_id=190\"]}]},{\"@type\":\"BreadcrumbList\",\"@id\":\"http:\/\/marijan-kamenjasevic.from.hr\/?page_id=190#breadcrumb\",\"itemListElement\":[{\"@type\":\"ListItem\",\"position\":1,\"name\":\"Home\",\"item\":\"http:\/\/marijan-kamenjasevic.from.hr\/\"},{\"@type\":\"ListItem\",\"position\":2,\"name\":\"CFD modeliranje\"}]}]}<\/script>\n<!-- \/ Yoast SEO plugin. -->","yoast_head_json":{"robots":{"index":"index","follow":"follow","max-snippet":"max-snippet:-1","max-image-preview":"max-image-preview:large","max-video-preview":"max-video-preview:-1"},"canonical":"http:\/\/marijan-kamenjasevic.from.hr\/?page_id=190","og_locale":"hr_HR","og_type":"article","og_title":"CFD modeliranje - Marijan Kamenja\u0161evi\u0107","og_description":"S br\u017eim procesorima i boljim numeri\u010dkim tehnikama, alati ra\u010dunalne dinamike fluida (CFD) napravili su revoluciju u in\u017eenjerskom dizajnu i optimizaciji, ograni\u010davaju\u0107i skupo eksperimentiranje i pru\u017eaju\u0107i virtualna rje\u0161enja s kratkim vremenima obrade. Danas se CFD intenzivno koristi za analizu \u0161irokog spektra &hellip; Nastavi \u010ditati &rarr;","og_url":"http:\/\/marijan-kamenjasevic.from.hr\/?page_id=190","og_site_name":"Marijan Kamenja\u0161evi\u0107","article_modified_time":"2024-02-13T21:51:51+00:00","og_image":[{"url":"http:\/\/from.hr\/marijan-kamenjasevic\/files\/2024\/02\/Clipboard01.jpg"}],"twitter_card":"summary","twitter_misc":{"Procijenjeno vrijeme \u010ditanja":"1 minuta"},"schema":{"@context":"https:\/\/schema.org","@graph":[{"@type":"WebSite","@id":"http:\/\/marijan-kamenjasevic.from.hr\/#website","url":"http:\/\/marijan-kamenjasevic.from.hr\/","name":"Marijan Kamenja\u0161evi\u0107","description":"Savjetovanja i forenzi\u010dka vje\u0161ta\u010denja u podru\u010dju prometnih nesre\u0107a, za\u0161tite na radu i za\u0161tite od po\u017eara","potentialAction":[{"@type":"SearchAction","target":{"@type":"EntryPoint","urlTemplate":"http:\/\/marijan-kamenjasevic.from.hr\/?s={search_term_string}"},"query-input":"required name=search_term_string"}],"inLanguage":"hr"},{"@type":"ImageObject","@id":"http:\/\/marijan-kamenjasevic.from.hr\/?page_id=190#primaryimage","inLanguage":"hr","url":"http:\/\/from.hr\/marijan-kamenjasevic\/files\/2024\/02\/Clipboard01.jpg","contentUrl":"http:\/\/from.hr\/marijan-kamenjasevic\/files\/2024\/02\/Clipboard01.jpg"},{"@type":"WebPage","@id":"http:\/\/marijan-kamenjasevic.from.hr\/?page_id=190#webpage","url":"http:\/\/marijan-kamenjasevic.from.hr\/?page_id=190","name":"CFD modeliranje - Marijan Kamenja\u0161evi\u0107","isPartOf":{"@id":"http:\/\/marijan-kamenjasevic.from.hr\/#website"},"primaryImageOfPage":{"@id":"http:\/\/marijan-kamenjasevic.from.hr\/?page_id=190#primaryimage"},"datePublished":"2024-02-13T21:39:46+00:00","dateModified":"2024-02-13T21:51:51+00:00","breadcrumb":{"@id":"http:\/\/marijan-kamenjasevic.from.hr\/?page_id=190#breadcrumb"},"inLanguage":"hr","potentialAction":[{"@type":"ReadAction","target":["http:\/\/marijan-kamenjasevic.from.hr\/?page_id=190"]}]},{"@type":"BreadcrumbList","@id":"http:\/\/marijan-kamenjasevic.from.hr\/?page_id=190#breadcrumb","itemListElement":[{"@type":"ListItem","position":1,"name":"Home","item":"http:\/\/marijan-kamenjasevic.from.hr\/"},{"@type":"ListItem","position":2,"name":"CFD modeliranje"}]}]}},"_links":{"self":[{"href":"http:\/\/marijan-kamenjasevic.from.hr\/index.php?rest_route=\/wp\/v2\/pages\/190"}],"collection":[{"href":"http:\/\/marijan-kamenjasevic.from.hr\/index.php?rest_route=\/wp\/v2\/pages"}],"about":[{"href":"http:\/\/marijan-kamenjasevic.from.hr\/index.php?rest_route=\/wp\/v2\/types\/page"}],"author":[{"embeddable":true,"href":"http:\/\/marijan-kamenjasevic.from.hr\/index.php?rest_route=\/wp\/v2\/users\/2757"}],"replies":[{"embeddable":true,"href":"http:\/\/marijan-kamenjasevic.from.hr\/index.php?rest_route=%2Fwp%2Fv2%2Fcomments&post=190"}],"version-history":[{"count":3,"href":"http:\/\/marijan-kamenjasevic.from.hr\/index.php?rest_route=\/wp\/v2\/pages\/190\/revisions"}],"predecessor-version":[{"id":206,"href":"http:\/\/marijan-kamenjasevic.from.hr\/index.php?rest_route=\/wp\/v2\/pages\/190\/revisions\/206"}],"wp:attachment":[{"href":"http:\/\/marijan-kamenjasevic.from.hr\/index.php?rest_route=%2Fwp%2Fv2%2Fmedia&parent=190"}],"curies":[{"name":"wp","href":"https:\/\/api.w.org\/{rel}","templated":true}]}}